ime factors of 142426502?
2, 71213251
List the prime factors of 229314966.
2, 3, 569, 67169
What are the prime factors of 4260318480?
2, 3, 5, 11, 537919
What are the prime factors of 350187533?
350187533
What are the prime factors of 55698615?
3, 5, 7, 151, 1171
What are the prime factors of 5665920562?
2, 131, 157, 137743
List the prime factors of 196310533.
8111, 24203
What are the prime factors of 6396350051?
7, 13, 70289561
What are the prime factors of 525499928?
2, 65687491
What are the prime factors of 36812363?
7, 227, 23167
What are the prime factors of 62135708?
2, 15533927
List the prime factors of 4117311119.
547, 7527077
List the prime factors of 5151178966.
2, 2575589483
What are the prime factors of 622944152?
2, 77868019
List the prime factors of 349427875.
5, 2795423
What are the prime factors of 889069222?
2, 444534611
List the prime factors of 56930372.
2, 593, 24001
What are the prime factors of 258952615?
5, 19, 2725817
What are the prime factors of 430927323?
3, 143642441
List the prime factors of 66797072.
2, 83, 179, 281
List the prime factors of 29288475.
3, 5, 130171
List the prime factors of 36142425.
3, 5, 11, 17, 859
What are the prime factors of 51434372?
2, 11, 79, 14797
What are the prime factors of 73510138?
2, 13, 461, 6133
List the prime factors of 1532504846.
2, 26921, 28463
List the prime factors of 636415888.
2, 23, 1729391
List the prime factors of 1314783487.
7507, 175141
What are the prime factors of 227131593?
3, 13, 5823887
What are the prime factors of 4620778?
2, 2310389
List the prime factors of 158048985.
3, 5, 23, 29, 15797
List the prime factors of 2413548.
2, 3, 67043
What are the prime factors of 965530770?
2, 3, 5, 827, 38917
List the prime factors of 54261257.
2693, 20149
List the prime factors of 1537416875.
5, 29, 271, 313
What are the prime factors of 324228524?
2, 3019, 26849
List the prime factors of 145019404.
2, 59, 227, 2707
List the prime factors of 565424306.
2, 19, 37, 149, 2699
List the prime factors of 1625721338.
2, 812860669
What are the prime factors of 668395085?
5, 109, 419, 2927
What are the prime factors of 902716288?
2, 547, 12893
List the prime factors of 834199401.
3, 7, 17, 1237, 1889
What are the prime factors of 242516369?
467, 519307
List the prime factors of 44850057.
3, 7, 2135717
List the prime factors of 2531040209.
823, 3075383
List the prime factors of 2344106148.
2, 3, 443, 440953
What are the prime factors of 54730146?
2, 3, 19, 197, 2437
List the prime factors of 552113354.
2, 13, 269, 78941
What are the prime factors of 10388150?
2, 5, 207763
List the prime factors of 989978517.
3, 11, 1111087
List the prime factors of 973413105.
3, 5, 7, 53, 174917
List the prime factors of 76438449.
3, 967, 8783
What are the prime factors of 37365222?
2, 3, 6227537
What are the prime factors of 5618998389?
3, 17, 6480967
What are the prime factors of 1010206889?
31, 32587319
List the prime factors of 229656314.
2, 53, 229, 9461
What are the prime factors of 4089421?
7, 584203
List the prime factors of 593690838.
2, 3, 13, 7611421
What are the prime factors of 3237008088?
2, 3, 443, 304459
List the prime factors of 110922156.
2, 3, 61, 113, 149
List the prime factors of 3626173193.
3626173193
What are the prime factors of 81387014?
2, 40693507
List the prime factors of 462735010.
2, 5, 46273501
List the prime factors of 111277197.
3, 23, 31, 17341
What are the prime factors of 2681915698?
2, 7, 11, 41, 424757
List the prime factors of 254828672.
2, 7, 284407
What are the prime factors of 1225972725?
3, 5, 3461, 4723
List the prime factors of 1673110155.
3, 5, 111540677
What are the prime factors of 25186447?
11, 13, 176129
What are the prime factors of 3349531470?
2, 3, 5, 19, 5876371
What are the prime factors of 909821507?
7, 129974501
List the prime factors of 88608427.
29, 859, 3557
List the prime factors of 97969817.
11, 8906347
List the prime factors of 88222163.
17, 305267
What are the prime factors of 933603944?
2, 7, 13, 1282423
What are the prime factors of 470195745?
3, 5, 4159, 7537
What are the prime factors of 1968683194?
2, 984341597
What are the prime factors of 36737845?
5, 41, 179209
What are the prime factors of 2544354508?
2, 636088627
List the prime factors of 457671150.
2, 3, 5, 359, 2833
List the prime factors of 386757886.
2, 101, 197, 9719
What are the prime factors of 275793538?
2, 29, 4755061
What are the prime factors of 1294157137?
7, 13, 101, 139, 1013
List the prime factors of 1649731116.
2, 3, 11, 277, 45119
What are the prime factors of 95042246?
2, 13, 733, 4987
List the prime factors of 1992435678.
2, 3, 53, 97, 7177
List the prime factors of 419536622.
2, 209768311
What are the prime factors of 9350788611?
3, 19, 503, 326141
What are the prime factors of 5165828132?
2, 9931, 130043
List the prime factors of 31378587.
3, 10459529
What are the prime factors of 1526452?
2, 263, 1451
What are the prime factors of 7411575609?
3, 73, 11280937
What are the prime factors of 333795846?
2, 3, 55632641
List the prime factors of 57238477.
929, 61613
List the prime factors of 172975309.
13, 13305793
List the prime factors of 76603353.
3, 73, 349787
What are the prime factors of 27013038?
2, 3, 13, 346321
What are the prime factors of 2461730011?
13, 109, 557, 3119
What are the prime factors of 4270169996?
2, 1067542499
List the prime factors of 200626823.
31, 2423, 2671
List the prime factors of 422519434.
2, 2647, 79811
What are the prime factors of 3012891779?
4073, 739723
What are the prime factors of 322679118?
2, 3, 349, 154097
List the prime factors of 2148887390.
2, 5, 13, 1271531
List the prime factors of 317207377.
317207377
What are the prime factors of 97996228?
2, 11, 17, 131011
List the prime factors of 33680188.
2, 23, 41, 8929
What are the prime factors of 107200631?
23, 359, 12983
List the prime factors of 678970444.
2, 71, 113, 21157
What are the prime factors of 301186355?
5, 1579, 38149
List the prime factors of 7686332.
2, 859, 2237
List the prime factors of 44072628.
2, 3, 19, 193301
List the prime factors of 2165093.
7, 43, 7193
What are the prime factors of 24742492?
2, 37, 47, 3557
What are the prime factors of 152293947?
3, 13, 3904973
List the prime factors of 119038382.
2, 19, 941, 3329
List the prime factors of 651518447.
23, 28326889
List the prime factors of 607046901.
3, 37, 5468891
What are the prime factors of 5228822?
2, 269, 9719
List the prime factors of 37411673.
13, 1129, 2549
List the prime factors of 46675490.
2, 5, 59, 79111
What are the prime factors of 1922577207?
3, 41, 109, 143401
List the prime factors of 84384562.
2, 23, 1834447
What are the prime factors of 1133492022?
2, 3, 13, 1614661
What are the prime factors of 2904502730?
2, 5, 41, 7084153
List the prime factors of 181265024.
2, 23, 2677
What are the prime factors of 8053860?
2, 3, 5, 269, 499
List the prime factors of 5705418.
2, 3, 59, 71, 227
What are the prime factors of 50861451?
3, 16953817
List the prime factors of 736385797.
7, 109, 883, 1093
What are the prime factors of 354670879?
23, 15420473
What are the prime factors of 154975330?
2, 5, 883, 17551
What are the prime factors of 120264225?
3, 5, 599, 2677
List the prime factors of 1067764705.
5, 7, 83, 367561
What are the prime factors of 375524572?
2, 93881143
What are the prime factors of 1214141818?
2, 607070909
List the prime factors of 638231367.
3, 8693, 24473
List the prime factors of 2185163912.
2, 273145489
List the prime factors of 118904485.
5, 7, 727, 4673
What are the prime factors of 34984735?
5, 6996947
What are the prime factors of 76232088?
2, 3, 1058779
What are the prime factors of 4020786223?
53, 109, 695999
What are the prime factors of 19046450?
2, 5, 380929
List the prime factors of 427038794.
2, 7, 13, 19, 123493
What are the prime factors of 2566890303?
3, 31, 107, 257953
What are the prime factors of 119460000?
2, 3, 5, 11, 181
List the prime factors of 26358777.
3, 41, 7937
What are the prime factors of 50161868?
2, 12540467
What are the prime factors of 4038041547?
3, 151, 2971333
List the prime factors of 1489583968.
2, 46549499
What are the prime factors of 229919777?
31, 53, 139939
List the prime factors of 86430406.
2, 2069, 20887
List the prime f